{"id":19,"date":"2017-02-20T21:33:35","date_gmt":"2017-02-20T20:33:35","guid":{"rendered":"http:\/\/www.san-bud.net.pl\/?page_id=19"},"modified":"2023-06-25T08:29:54","modified_gmt":"2023-06-25T06:29:54","slug":"o-nas","status":"publish","type":"page","link":"http:\/\/www.san-bud.net.pl\/index.php\/o-nas\/","title":{"rendered":"O nas"},"content":{"rendered":"<p style=\"text-align: left;\"><span style=\"font-size: x-large;\"><b>Witaj na naszej stronie!<\/b><\/span><\/p>\n<p style=\"text-align: left;\"><span style=\"font-size: x-large;\">Szukasz firmy zajmuj\u0105cej si\u0119 remontem?<\/span><\/p>\n<p style=\"text-align: left;\"><span style=\"font-size: x-large;\">\u015awietnie trafi\u0142e\u015b!<\/span><\/p>\n<p style=\"text-align: left;\">Firma SAN-BUD to firma remontowo-us\u0142ugowa z siedzib\u0105 w Zabrzu.<\/p>\n<p style=\"text-align: left;\">Jest to firma\u00a0 z do\u015bwiadczon\u0105 w tym fachu kadr\u0105.<\/p>\n<p style=\"text-align: left;\">Jeste\u015bmy rzetelni, solidni, kreatywni i posiadamy konkurencyjne ceny.<\/p>\n<p style=\"text-align: left;\"><span style=\"font-size: x-large;\"><b>w skr\u00f3cie: <\/b><\/span><\/p>\n<p style=\"text-align: left;\">Nasz\u0105 specjalno\u015bci\u0105 s\u0105 us\u0142ugi remontowe.<\/p>\n<p style=\"text-align: left;\">Swoim klientom oferujemy pomoc przy wyborze materia\u0142\u00f3w jak i przy projektowaniu.<\/p>\n<p style=\"text-align: left;\">Dzi\u0119ki do\u015bwiadczeniu, kt\u00f3re zdobyli\u015bmy \u015bwiadcz\u0105c us\u0142ugi wyko\u0144czeniowe i remontowe, mo\u017cemy Pa\u0144stwu zagwarantowa\u0107 najwy\u017csz\u0105 jako\u015b\u0107 \u015bwiadczonych us\u0142ug oraz dba\u0142o\u015b\u0107 o wszystkie szczeg\u00f3\u0142y.<\/p>\n<p style=\"text-align: left;\">Do ka\u017cdego zlecenia podchodzimy indywidualnie i mamy bardzo du\u017co ciekawych pomys\u0142\u00f3w.<\/p>\n<p style=\"text-align: left;\">Wiemy, \u017ce zadowolony klient to najlepsza reklama, dlatego zawsze staramy si\u0119 aby efekt ko\u0144cowy w 100% spe\u0142nia\u0142 oczekiwania klienta!<\/p>\n<p style=\"text-align: left;\">Kompleksowe remonty od A do Z<\/p>\n<p style=\"text-align: left;\">serwisujemy za\u0142o\u017cony przez nas osprz\u0119t elektryczny jaki i hydrauliczny .<\/p>\n<p style=\"text-align: left;\">Po ka\u017cdym remoncie sprz\u0105tamy na b\u0142ysk<\/p>\n<p style=\"text-align: left;\">Wycena prac u klienta oraz wykonanie kosztorysu materia\u0142u GRATIS!<\/p>\n","protected":false},"excerpt":{"rendered":"<p>Witaj na naszej stronie! Szukasz firmy zajmuj\u0105cej si\u0119 remontem? \u015awietnie trafi\u0142e\u015b! Firma SAN-BUD to firma remontowo-us\u0142ugowa z siedzib\u0105 w Zabrzu. Jest to firma\u00a0 z do\u015bwiadczon\u0105 w tym fachu kadr\u0105. Jeste\u015bmy rzetelni, solidni, kreatywni i posiadamy konkurencyjne ceny. w skr\u00f3cie: Nasz\u0105 specjalno\u015bci\u0105 s\u0105 us\u0142ugi remontowe. Swoim klientom oferujemy pomoc przy wyborze materia\u0142\u00f3w jak i przy projektowaniu. [&hellip;]<\/p>\n","protected":false},"author":1,"featured_media":0,"parent":0,"menu_order":0,"comment_status":"closed","ping_status":"closed","template":"","meta":{"jetpack_post_was_ever_published":false,"footnotes":""},"class_list":["post-19","page","type-page","status-publish","hentry"],"jetpack_sharing_enabled":true,"jetpack_shortlink":"https:\/\/wp.me\/P8qEs2-j","jetpack-related-posts":[],"_links":{"self":[{"href":"http:\/\/www.san-bud.net.pl\/index.php\/wp-json\/wp\/v2\/pages\/19","targetHints":{"allow":["GET"]}}],"collection":[{"href":"http:\/\/www.san-bud.net.pl\/index.php\/wp-json\/wp\/v2\/pages"}],"about":[{"href":"http:\/\/www.san-bud.net.pl\/index.php\/wp-json\/wp\/v2\/types\/page"}],"author":[{"embeddable":true,"href":"http:\/\/www.san-bud.net.pl\/index.php\/wp-json\/wp\/v2\/users\/1"}],"replies":[{"embeddable":true,"href":"http:\/\/www.san-bud.net.pl\/index.php\/wp-json\/wp\/v2\/comments?post=19"}],"version-history":[{"count":4,"href":"http:\/\/www.san-bud.net.pl\/index.php\/wp-json\/wp\/v2\/pages\/19\/revisions"}],"predecessor-version":[{"id":697,"href":"http:\/\/www.san-bud.net.pl\/index.php\/wp-json\/wp\/v2\/pages\/19\/revisions\/697"}],"wp:attachment":[{"href":"http:\/\/www.san-bud.net.pl\/index.php\/wp-json\/wp\/v2\/media?parent=19"}],"curies":[{"name":"wp","href":"https:\/\/api.w.org\/{rel}","templated":true}]}}